6
Suppose 5*g - 16 = 9. Let r be 0/(0 + (-5 - -3)). Suppose 0*x - 3*x + g*q + 29 = r, 0 = -2*q - 2. What is the highest common divisor of x and 1?
1
Let p be ((-6)/(-4))/((-27)/(-72)). Let f(h) = -6*h - 1. Let o be f(-2). Let l = o - 7. Calculate the highest common factor of p and l.
4
Let u be 8/60 + -3*888/(-270). Suppose -2*g - 5*k = 17, 6 = -4*g + k + 27. Calculate the highest common divisor of g and u.
2
Let h be 260/6*(-3)/(-2). Let c(i) = -2*i**2 - 11*i - 8. Let l be c(-7). Let u = h + l. Calculate the highest common divisor of 54 and u.
18
Let f(t) = -t**2 + 8. Suppose 0 = -4*z + 5*n - 5, -3*n + 4 = 1. Let b be f(z). Calculate the highest common divisor of b and 56.
8
Let t be (3 - 4)/((-1)/3). Let f be (-3)/(-2)*4/t. Let k = 0 + 4. What is the highest common factor of k and f?
2
Let z(f) = -f**3 + 19*f**2 + 14*f + 14. Let h be z(19). What is the greatest common factor of 35 and h?
35
Let l = 3 - -7. Let r be (8/5)/(4/l). What is the greatest common divisor of r and 1?
1
Let j be (17/(-2) - 2)/((-16)/32). Calculate the highest common divisor of 168 and j.
21
Let r(g) = -g**2 - 6*g - 7. Let l be r(-5). Let o = 1 - l. Suppose o*x = 45 - 9. What is the highest common divisor of x and 4?
4
Suppose -2 = -g, -5*b + 6*g = 3*g - 344. Let l be (-42)/(-4)*12/9. Calculate the greatest common divisor of l and b.
14
Suppose 14*o + 575 = 19*o. Calculate the greatest common factor of 23 and o.
23
Suppose -5*v + 115 = 25. Let c = 30 - v. What is the greatest common factor of 84 and c?
12
Suppose -7*p + 12 = -6*p. Calculate the greatest common divisor of p and 30.
6
Suppose -2*a + 5*q + 37 = 0, 2*a - 31 = -0*a + 3*q. Calculate the greatest common divisor of a and 77.
11
Let u = -98 + 161. Calculate the greatest common divisor of u and 42.
21
Let j be 29*4/2 + -3. What is the highest common divisor of 11 and j?
11
Let q = -13 - -56. Let r = q - 29. What is the highest common factor of r and 35?
7
Let c(m) = m**2 - 5*m + 11. Let x be c(5). Calculate the greatest common divisor of x and 55.
11
Suppose -5*x + 213 = -5*p + 823, -2*x - 595 = -5*p. Calculate the greatest common factor of 13 and p.
13
Let x = 9 + -4. Suppose h - 30 = -x*z, 5*z + 10 - 80 = -3*h. What is the greatest common divisor of h and 80?
20
Suppose 0 = 3*n - 4 - 2. Let c(o) = -o**2 - 4*o + 2. Let j be c(-4). What is the greatest common divisor of j and n?
2
Let v be 1 + -1 + (-5)/(-1). Let a = v + 1. What is the highest common divisor of a and 48?
6
Let y(w) = w**2 + 14*w - 40. Let z be y(-19). Calculate the highest common divisor of z and 5.
5
Let y be 2/16 + 39/8. Suppose -1 = -5*r + 4. Calculate the greatest common factor of y and r.
1
Let g be 53 + 0 + -1 + 2. Calculate the highest common factor of 36 and g.
18
Let i = -8 + 29. What is the highest common factor of i and 21?
21
Let c = 123 - 85. Calculate the greatest common divisor of 209 and c.
19
Let y = 25 - 12. Let q(c) = -c**3 + 13*c**2 + c + 15. Let t be q(y). What is the greatest common factor of t and 252?
28
Let q(c) = 31*c - 5. Let j be q(5). What is the greatest common factor of j and 30?
30
Suppose 5*k + 127 = 3*f, f + 12 = 4*f. Let j be 2 + 0/1 - k. Calculate the greatest common factor of 5 and j.
5
Let z(g) = -g**3 + 5*g**2 + g - 4. Suppose 4*k + 16 = -0. Let t be z(k). Calculate the highest common factor of 17 and t.
17
Let j(a) = 16*a + 5*a + 20*a. Let n be j(-2). Let i = -49 - n. Calculate the highest common factor of 11 and i.
11
Suppose -2*x - 2*x + 56 = 5*m, 3*x = -3*m + 36. What is the greatest common factor of 40 and m?
8
Let g(m) = -m**3 - 6*m**2 + 11*m + 8. Let s be g(-8). Calculate the highest common divisor of 12 and s.
12
Suppose -3*m + 49 = 10. Let h = -226 + 291. Calculate the highest common divisor of m and h.
13
Let q(c) = c**3 + 5*c**2 + 3*c + 1. Let w be q(-4). Suppose -x - w = -2*x. Suppose x*o - 350 = -0*o. Calculate the highest common factor of 10 and o.
10
Suppose -2*z - 2*z - 48 = 0. Let j be -1 + -1 - (z + -5). Calculate the highest common divisor of 3 and j.
3
Suppose -2*s + 2*g + 6 + 0 = 0, -5*s - 4*g - 12 = 0. Suppose s = -5*r - 2*q + 70, -r = r + 4*q - 28. Calculate the greatest common factor of 154 and r.
14
Suppose 4*m + m - 770 = 0. What is the greatest common factor of 14 and m?
14
Let w = 25 - 43. Suppose 2*i - 3 = i - 5*v, -5 = -5*v. Let c = i - w. What is the greatest common factor of c and 40?
8
Let x be 94/14 - (-4)/14. Suppose 2*l - 14*g - 64 = -10*g, 2*l - 3*g - 62 = 0. What is the greatest common divisor of l and x?
7
Let c be 6/((-2)/(-9)*3). Suppose 22 = 2*v - 32. Calculate the greatest common factor of v and c.
9
Suppose 5*m - c + 5 = 0, -m + 10 = 4*m - 4*c. Let y be ((-9)/(-4) + m)*4. Suppose 0*i = -2*i + 6. What is the highest common divisor of y and i?
1
Suppose 3*s = s + 352. Let k be ((-1)/(-2))/(8/s). What is the highest common divisor of 22 and k?
11
Suppose z - 2*f = -2*z + 1, 5*f - 5 = 5*z. Suppose 5*j - 4 = 11, -g + 32 = -5*j. Suppose -g = -z*q + 7. Calculate the highest common divisor of 6 and q.
6
Let r be 1/(-2) - 91/(-26). Let m = 7 - r. What is the greatest common factor of 6 and m?
2
Let l be (-43035)/(-165) - 2/(-11). Let d = l - -9. What is the highest common divisor of 30 and d?
30
Suppose -33*y - 120 = -36*y. Calculate the highest common factor of 10 and y.
10
Let m be -1 + -2 + (-92)/(-4). What is the highest common factor of 2 and m?
2
Suppose -5*l + 4*v - 74 + 189 = 0, -4*v + 75 = 5*l. Let g(w) = 8*w**2 + w + 1. Let q be g(4). Calculate the greatest common factor of q and l.
19
Let l = -8 + 28. What is the highest common divisor of l and 30?
10
Let i(a) = a**2 + 8*a + 2. Let t be i(-7). Let c be 4/20 + (-209)/t. What is the highest common divisor of 105 and c?
21
Let h be ((-8)/(-10))/(((-24)/15)/(-4)). What is the highest common divisor of h and 14?
2
Let z(m) = -m. Let c be z(-2). Suppose 122 = c*p - 4. Let o(r) = -r**2 - r + 9. Let u be o(0). What is the highest common factor of p and u?
9
Let k(i) = i**3 - i**2 - i. Let o be 15/6*(-8)/(-10). Let p be k(o). Calculate the highest common divisor of 16 and p.
2
Suppose -75 = 5*t + 2*x, 0 = 4*x + 14 + 6. Let y = t - -58. Calculate the highest common factor of 9 and y.
9
Let b(i) = i**3 - 9*i**2 + 9*i + 6. Let c be b(8). Suppose -k = k - c. Calculate the greatest common divisor of 28 and k.
7
Let u = 23 - 17. Suppose -6 = 4*z - 2*z, -75 = -4*a + z. What is the greatest common factor of u and a?
6
Suppose 0 = -a + 4 - 0. Let m(j) = -j - 5. Let v be m(-9). Suppose -f + 14 = -w + v, -5*f + 46 = -a*w. What is the highest common factor of 12 and f?
6
Let b = 66 + -47. Let o = -44 - -63. Calculate the greatest common factor of o and b.
19
Let h = 299 - 129. Calculate the highest common factor of 34 and h.
34
Let s be ((-706)/5)/(-2) + 57/(-95). What is the greatest common divisor of 175 and s?
35
Let t(y) = y - 7. Let r be t(11). Suppose -r*f - 8 = -20. What is the greatest common factor of f and 12?
3
Suppose 3*a - 2*n = 3*n + 92, -5*a - 3*n + 108 = 0. Calculate the highest common divisor of a and 8.
8
Let n be (-6 - -2)*(6 + -8). What is the greatest common factor of 8 and n?
8
Suppose -x + 0 + 3 = 0. Suppose 0 = -0*o - o + x. Let j be 14 + (2 - (o - 2)). What is the greatest common factor of j and 15?
15
Let o(y) = 2*y - 7. Let i be o(7). Let q = -3 + i. Let b be ((-38)/q)/(1/(-6)). Calculate the highest common factor of 38 and b.
19
Let x = 5 + 3. Suppose 4*n - 3*t + x*t - 16 = 0, -t = 4*n. Let a be 2/((4/(-42))/n). Calculate the greatest common divisor of a and 63.
21
Let k be (-2)/5 - (-152)/5. What is the highest common factor of 6 and k?
6
Let g(p) = 5*p + 1. Let j be g(2). Let a = -5 + j. Let d be a/8 - 434/(-8). What is the highest common divisor of 5 and d?
5
Suppose 140 = 5*d - 4*w, 5*d - 2*w - 106 - 24 = 0. What is the highest common factor of d and 16?
8
Let b = -1 - -1. Suppose f + 2*f - 18 = b. What is the highest common factor of 24 and f?
6
Let v(w) = 3*w**2 + 0*w**2 - 4 + 4*w + 5. Let j be v(3). What is the highest common divisor of j and 5?
5
Suppose 1 = -5*a + 141. Let y = -19 - -35. Let w = y + -9. Calculate the greatest common divisor of a and w.
7
Let d = 8 + -6. Let x be 14/d + 2 + -2. Calculate the highest common divisor of x and 35.
7
Suppose -2*p - 3 = -93. Calculate the greatest 